-2419*t - 12469. Determine c(-5).
-374
Let a(u) = 20*u**2 - 404*u - 300. Give a(21).
36
Let l(r) = -2*r**2 + 8049*r - 1303168. What is l(169)?
-9
Let v(a) = -a**3 - 15*a**2 - 593*a - 9730. Give v(-16).
14
Let h(x) = 22*x + 852. Calculate h(-47).
-182
Let u(n) = -n**3 + 12*n**2 - 63*n + 289. Calculate u(10).
-141
Let w(k) = 1920*k + 63168. Determine w(-33).
-192
Let r(b) = -19103*b + 6934390. Determine r(363).
1
Let o(j) = 51*j**2 - 6270*j - 288. Give o(123).
81
Let l(a) = 6*a**3 - 10*a**2 + 153*a - 384. Give l(3).
147
Let m(j) = j**2 - 47569*j - 285463. Give m(-6).
-13
Let g(m) = -m**3 - 30*m**2 + 546*m - 130. Determine g(-43).
429
Let d(v) = v**3 + 6*v**2 - 69701*v - 348518. Calculate d(-5).
12
Let d(j) = 4*j**3 + 1155*j**2 + 863*j - 259. Determine d(-288).
29
Let m(s) = -1382*s**2 - 5541*s + 4. Give m(-4).
56
Let t(w) = -100*w + 6563. Calculate t(70).
-437
Let b(t) = -15*t**3 + 116*t**2 - 77*t - 6. Give b(7).
-6
Let x(i) = -13*i**3 + 1536*i**2 - 238*i + 234. Give x(118).
-2
Let m(y) = 2*y**2 - 97*y - 28971. Determine m(147).
-12
Let j(f) = 34*f**2 + 147116*f - 147115. Determine j(1).
35
Let d(a) = a**3 - 18*a**2 - 183*a + 3041. Calculate d(12).
-19
Let u(z) = -368*z - 3148. What is u(-9)?
164
Let s(n) = 3*n**3 + 37*n**2 + 35*n - 19. What is s(-11)?
80
Let c(g) = -g**2 - 2005*g - 65078. Give c(-33).
-2
Let h(u) = 21651*u - 260421. Give h(12).
-609
Let q(j) = 4*j**3 - 501*j + 502. Calculate q(1).
5
Let b(z) = 16193*z + 80963. Determine b(-5).
-2
Let a(t) = -2899*t - 968220. Determine a(-334).
46
Let j(n) = 2030*n**2 + 16196*n + 34. Give j(-8).
386
Let i(k) = -k**3 + 12*k**2 + 1668*k + 12063. What is i(-8)?
-1
Let p(l) = -27*l**3 - 10447*l**2 + 690*l - 32501. What is p(-387)?
7
Let g(l) = -228387*l - 456916. What is g(-2)?
-142
Let l(g) = -g**2 + 18*g - 51. Give l(-18).
-699
Let i(s) = 139*s - 10957. Calculate i(77).
-254
Let j(o) = 96165*o - 3077238. Calculate j(32).
42
Let h(k) = k**3 - 359*k**2 + 30414*k + 11598. Calculate h(138).
6
Let o(p) = 706*p + 735. Calculate o(1).
1441
Let o(p) = 4874*p - 126740. What is o(26)?
-16
Let s(g) = 2*g**2 + 97*g - 619. Calculate s(-45).
-934
Let y(x) = -x**3 - 17*x**2 - 48*x - 117. What is y(-14)?
-33
Let l(n) = 8*n**2 + 129142*n - 645737. Give l(5).
173
Let r(o) = 127*o**2 - 195*o - 8. Give r(5).
2192
Let s(u) = -2206*u + 8952. Give s(4).
128
Let c(a) = 2*a**2 + 2846*a + 434653. Determine c(-174).
1
Let g(s) = 1886*s - 24735. Give g(13).
-217
Let l(q) = 567*q + 5533. Calculate l(-10).
-137
Let c(l) = -2*l**2 - 454*l - 5539. Calculate c(-13).
25
Let g(o) = 9015*o + 63117. Calculate g(-7).
12
Let h(b) = -6*b**2 - 801*b - 16768. What is h(-26)?
2
Let v(c) = 74*c**2 - 1093*c + 1016. Determine v(1).
-3
Let i(b) = -2*b**3 + 37*b**2 - 157*b - 31. Give i(9).
95
Let m(v) = -v**3 + 65*v**2 - 2545*v + 165432. Calculate m(65).
7
Let x(f) = 867*f - 33916. What is x(40)?
764
Let l(v) = v**3 + 40*v**2 - 3311*v + 822. Give l(-81).
12
Let x(o) = -2142*o - 6437. What is x(-3)?
-11
Let z(l) = -6316*l + 410726. Calculate z(65).
186
Let y(a) = 359*a + 6750. Give y(-20).
-430
Let m(s) = s**2 - 1412*s + 497765. Calculate m(731).
-46
Let z(n) = -2123*n + 16995. Give z(8).
11
Let t(o) = 172*o + 1081. Give t(-6).
49
Let t(o) = o**3 - 7*o**2 - 29*o + 9. Determine t(11).
174
Let x(l) = -4*l**3 - 282*l**2 + 147*l - 551. Give x(-71).
-906
Let r(x) = 30*x**3 - 5*x**2 + 554*x - 554. Calculate r(1).
25
Let u(m) = 659*m**3 - 1330*m**2 + 2*m - 4. Determine u(2).
-48
Let y(s) = -s**3 + 16*s**2 + 111*s + 43. Give y(21).
169
Let n(z) = -z**3 - 108*z**2 - 2216*z + 224. Give n(-79).
-5701
Let x(s) = -23*s**3 + 7*s**2 - 72*s - 75. Determine x(-1).
27
Let l(w) = -w**3 - 13*w**2 + 4. What is l(4)?
-268
Let j(c) = 40*c**3 - 1391*c**2 - 184*c - 4565. Give j(35).
20
Let l(b) = -1392*b + 693215. Calculate l(498).
-1
Let b(l) = l**2 - 1002*l + 108372. Determine b(123).
255
Let n(m) = -2*m**2 - 304*m - 1805. What is n(-146)?
-53
Let g(v) = 95*v + 4546. Give g(-45).
271
Let s(h) = h**3 + 119*h**2 - 242*h - 14029. Calculate s(-120).
611
Let k(j) = 1659*j**2 - 39810*j - 31. Calculate k(24).
113
Let i(y) = 2511*y**2 - 27553*y - 35. Calculate i(11).
713
Let f(u) = 104*u - 5456. Calculate f(60).
784
Let u(w) = -27149*w + 135763. Determine u(5).
18
Let o(m) = m**3 - 40*m**2 - 60*m - 1195. Calculate o(42).
-187
Let k(j) = 21*j**2 + 592*j - 7713. Give k(13).
3532
Let k(j) = j**3 - 39*j**2 - 127*j + 11626. Give k(24).
-62
Let k(z) = z**3 - 83*z**2 - 437*z + 7731. Determine k(87).
-12
Let x(y) = 7616*y + 22907. Give x(-3).
59
Let u(a) = a**3 + 5*a**2 - 66*a - 153. Give u(-2).
-9
Let u(h) = -4365*h + 26272. Calculate u(6).
82
Let g(z) = -z**3 + 3*z**2 + 26*z + 58. What is g(14)?
-1734
Let f(m) = 193479*m - 386964. Give f(2).
-6
Let t(a) = -27*a**2 - 469*a + 74. Give t(-17).
244
Let y(q) = -q**3 - 103*q**2 + 541*q + 35. What is y(5)?
40
Let j(i) = -15*i**3 - 2176*i**2 - 157*i + 305. Give j(-145).
2045
Let w(m) = -387*m + 15066. Give w(39).
-27
Let r(l) = -l**3 + 22*l**2 - 244*l + 3479. Determine r(18).
383
Let b(h) = -1515*h**2 - 30307*h - 130. Calculate b(-20).
10
Let m(r) = 5*r**2 + 1619*r - 11203. Give m(7).
375
Let u(q) = 3*q**3 - 99*q**2 - 48*q + 327. What is u(33)?
-1257
Let h(v) = v**3 - 41*v**2 - 63*v + 2874. Calculate h(41).
291
Let u(k) = -19*k**2 + 5788*k + 2141. Give u(305).
6
Let d(r) = -41*r**2 - 19*r - 20. What is d(-1)?
-42
Let m(q) = -66*q**2 + 5369*q + 10748. What is m(-2)?
-254
Let n(f) = f**2 - 9455*f - 75715. Determine n(-8).
-11
Let n(o) = -2665*o + 343727. What is n(129)?
-58
Let f(n) = -12*n**2 + 274*n - 127. Calculate f(26).
-1115
Let l(v) = 1779*v - 11021. What is l(6)?
-347
Let v(b) = -39666*b - 198239. Calculate v(-5).
91
Let x(z) = -z**3 + 267*z**2 - 6486*z + 192. Calculate x(27).
30
Let s(l) = -4*l**3 - 573*l**2 + 1621*l + 2199. Determine s(-146).
9
Let g(v) = 2*v**2 + 596286*v + 5366422. What is g(-9)?
10
Let h(j) = -24*j**2 - 572*j - 2561. Determine h(-6).
7
Let k(g) = -g**3 - 9*g**2 + 1428*g - 1367. Determine k(33).
19
Let d(a) = 16*a**2 + 1816*a + 48733. What is d(-70)?
13
Let l(i) = -4*i**3 + 215*i**2 + 78*i - 90. What is l(54)?
1206
Let z(v) = 2*v**2 + 1220*v + 56014. What is z(-560)?
14
Let t(s) = 95*s**2 + 12449*s + 522. Determine t(-131).
-2
Let t(f) = f**2 + 154*f + 706. Give t(-148).
-182
Let d(k) = -37780*k - 302071. Calculate d(-8).
169
Let d(v) = -4048*v**2 + 20216*v + 134. Give d(5).
14
Let u(f) = -466659*f - 19599666. What is u(-42)?
12
Let n(u) = 1193*u - 123934. Calculate n(104).
138
Let v(w) = 3*w**3 - 323*w**2 - 434*w - 257. Determine v(109).
-39
Let a(t) = -6*t**3 + 68*t**2 + 103*t + 318. Determine a(13).
-33
Let f(j) = -4*j**2 + 721*j + 12342. Calculate f(-17).
-1071
Let o(l) = -l**2 + 68*l - 1. Calculate o(23).
1034
Let z(w) = 3*w**3 - 100*w**2 + 996*w - 6500. Give z(23).
9
Let y(z) = 1325*z - 226504. What is y(171)?
71
Let y(v) = -5*v**2 - 159*v - 179. Determine y(-30).
91
Let i(t) = 26*t**3 + t**2 + 13*t + 104. Give i(-4).
-1596
Let y(l) = -l**3 + 18*l**2 + 1282*l - 25608. What is y(21)?
-9
Let o(c) = -2*c**3 - 2755*c**2 - 50319*c - 48920. What is o(-1359)?
4
Let r(k) = -2*k**3 + 4167*k**2 + 62954*k - 12. What is r(-15)?
3
Let m(l) = l**3 + 43*l**2 + 412*l. What is m(-28)?
224
Let q(p) = -2*p**3 + 230*p**2 + 460*p - 26400. Determine q(116).
48
Let i(n) = -n**3 - 913*n**2 - 9*n + 1108. What is i(0)?
1108
Let j(x) = -20*x**2 + 133*x - 27. Determine j(9).
-450
Let r(s) = -4*s**3 - 10*s**2 - 6313*s - 6300. What is r(-1)?
7
Let n(h) = h**3 - 4*h**2 - 5*h - 441. What is n(9)?
-81
Let c(z) = 4662*z + 1230695. Determine c(-264).
-73
Let y(l) = 2*l**2 - 28648*l + 171879. Determine y(6).
63
Let f(c) = 269*c**2 - 573*c + 12. Calculate f(2).
-58
Let i(g) = -g**2 - 6868*g + 55002. Calculate i(8).
-6
Let p(a) = a**3 + a**2 - 5*a + 367. What is p(-8)?
-41
Let p(w) = -2*w**2 + 3576*w + 482207. Determine p(-126).
-121
Let l(t) = t**3 + 195*t**2 + 2983*t + 8012. Determine l(-13).
-9
Let i(n) = n**3 - 15*n**2 + 199*n - 1117. Determine i(8).
27
Let z(f) = -2*f**3 + 94*f**2 + 1599*f + 320. Determine z(-13).
-187
Let f(c) = -c**3 + 6*c**2 - 8*c + 1707. What is f(14)?
27
Let v(z) = -1564*z + 6253. Determine v(4).
-3
Let h(r) = 80*r**3 + 2*r**2 - 789*r + 787. Calculate h(1).
80
Let n(w) = 1466*w + 2204. Calculate n(-2).
-728
Let a